{"id":4707,"date":"2015-05-10T18:25:06","date_gmt":"2015-05-10T16:25:06","guid":{"rendered":"http:\/\/happy2travel.eu\/sk\/?page_id=4707"},"modified":"2019-02-19T01:52:19","modified_gmt":"2019-02-18T23:52:19","slug":"tomas-forro","status":"publish","type":"page","link":"https:\/\/happy2travel.eu\/sk\/tomas-forro","title":{"rendered":"Autor"},"content":{"rendered":"\n<h1>Autor<\/h1>\n\n\n<p><img loading=\"lazy\" class=\"alignleft size-full wp-image-8230\" src=\"https:\/\/happy2travel.eu\/sk\/platforma\/IMG_20170316_131518-Edit.jpg\" alt=\"Portr\u00e9t slovensk\u00e9ho report\u00e9ra Tom\u00e1\u0161a Forr\u00f3a\" width=\"500\" height=\"500\" srcset=\"https:\/\/happy2travel.eu\/sk\/platforma\/IMG_20170316_131518-Edit.jpg 500w, https:\/\/happy2travel.eu\/sk\/platforma\/IMG_20170316_131518-Edit-350x350.jpg 350w, https:\/\/happy2travel.eu\/sk\/platforma\/IMG_20170316_131518-Edit-45x45.jpg 45w, https:\/\/happy2travel.eu\/sk\/platforma\/IMG_20170316_131518-Edit-150x150.jpg 150w, https:\/\/happy2travel.eu\/sk\/platforma\/IMG_20170316_131518-Edit-300x300.jpg 300w, https:\/\/happy2travel.eu\/sk\/platforma\/IMG_20170316_131518-Edit-310x310.jpg 310w\" sizes=\"(max-width: 500px) 100vw, 500px\" \/><\/p>\n<p>Na za\u010diatku bol nepokoj.<\/p>\n<p>Tento projekt som spustil kedysi v roku 2007, ke\u010f sme si s&nbsp;priate\u013ekou k\u00fapili jednosmern\u00fd l\u00edstok na Kubu a vyrazili na cestu okolo sveta. Odvtedy som sa z&nbsp;cestovate\u013ea zmenil na report\u00e9ra a&nbsp;pre\u0161iel okolo sedemdesiat kraj\u00edn, tri vojnov\u00e9 konflikty, spolo\u010densk\u00e9 nepokoje aj pr\u00edrodn\u00e9 katastrofy.<\/p>\n<p>Malo to svoju pr\u00ed\u010dinu \u2013 oby\u010dajn\u00e1 turistika sa po onej prvej ceste okolo sveta stala pre m\u0148a nudnou. Masov\u00e1 turistika a re\u00e1lna ka\u017edodennos\u0165 danej krajiny, to s\u00fa dve \u00faplne odli\u0161n\u00e9 plan\u00e9ty. To prv\u00e9 je slizk\u00fd, cynick\u00fd biznis s na\u0161imi opakuj\u00facimi sa z\u00e1\u017eitkami, to druh\u00e9 \u2013 neopakovate\u013en\u00e1 sk\u00fasenos\u0165 obcovania s inakos\u0165ou, spozn\u00e1vania farieb a snov tohto sveta.<\/p>\n<p>A tak som sa za\u010dal do svojich niekdaj\u0161\u00edch cestovate\u013esk\u00fdch destin\u00e1ci\u00ed vraca\u0165 a spozn\u00e1va\u0165 ich nanovo a celkom in\u00fdm sp\u00f4sobom \u2013 \u010di u\u017e ide o regi\u00f3n Latinskej Ameriky (m\u00f4j druh\u00fd domov), ju\u017en\u00fa \u00c1ziu alebo stredn\u00fa a v\u00fdchodn\u00fa Eur\u00f3pu. V\u0161ade odtia\u013e s\u00fa moje report\u00e1\u017ee a texty \u2013 zatia\u013e.<\/p>\n<p>Za jednu zo svojich in\u0161pir\u00e1ci\u00ed pri p\u00edsan\u00ed pova\u017eujem tzv. Nov\u00fa \u017eurnalistiku, pomaly zabudnut\u00fd \u017e\u00e1ner, ktor\u00fd neh\u013eadal len hol\u00e9 fakty a&nbsp;opisy udalost\u00ed, ale sp\u00e1jal ich s&nbsp;pr\u00edbehom a&nbsp;kontextom opisovan\u00fdch udalost\u00ed. Autor v&nbsp;\u0148om nepotrebuje skr\u00fdva\u0165 vz\u0165ah medzi pozorovate\u013eom a&nbsp;jeho objektom, tak ako publicistika a&nbsp;literat\u00fara nemusia predstavova\u0165 dva nezlu\u010dite\u013en\u00e9 svety.<\/p>\n<p>Aj toto je sp\u00f4sob ako prep\u00e1ja\u0165 \u201emal\u00e9\u201c dejiny \u2013 \u017eivoty be\u017en\u00fdch, \u010dasto bezmenn\u00fdch \u013eud\u00ed \u2013 s&nbsp;\u201eve\u013ek\u00fdmi\u201c dejinami a&nbsp;udalos\u0165ami, ktor\u00e9 formuj\u00fa n\u00e1\u0161 svet a&nbsp;minim\u00e1lne zap\u013a\u0148aj\u00fa medi\u00e1lny priestor. Pribli\u017eova\u0165 \u010ditate\u013eom osudy \u013eud\u00ed na druhom konci sveta d\u00e1va \u0161ancu zbavova\u0165 na\u0161u leniv\u00fa civiliz\u00e1ciu cynizmu a \u013eahostajnosti vo\u010di regi\u00f3nom, ktor\u00e9 s\u00fa pre n\u00e1s prinajlep\u0161om miestom exotick\u00fdch dovoleniek \u2013 naj\u010dastej\u0161ie v\u0161ak len perif\u00e9riou plan\u00e9ty, zn\u00e1mou ako Tret\u00ed svet.<\/p>\n<p>Na tomto blogu dodnes publikujem svoje texty a fotografie z cel\u00e9ho sveta. V\u0161etko ostatn\u00e9 mo\u017eno n\u00e1js\u0165 v slovenskom <a title=\"Autor Tom\u00e1\u0161 Forr\u00f3\" href=\"https:\/\/dennikn.sk\/autor\/tomas-forro\/\" target=\"_blank\" rel=\"noopener\">Denn\u00edku N<\/a> a v \u010fal\u0161\u00edch \u010desk\u00fdch, po\u013esk\u00fdch, rusk\u00fdch a ukrajinsk\u00fdch m\u00e9di\u00e1ch.<\/p>","protected":false},"excerpt":{"rendered":"<p>Autor Na za\u010diatku bol nepokoj. Tento projekt som spustil kedysi v roku 2007, ke\u010f sme si s&nbsp;priate\u013ekou k\u00fapili jednosmern\u00fd l\u00edstok na Kubu a vyrazili na cestu okolo sveta. Odvtedy som sa z&nbsp;cestovate\u013ea zmenil na report\u00e9ra a&nbsp;pre\u0161iel okolo sedemdesiat kraj\u00edn, tri vojnov\u00e9 konflikty, spolo\u010densk\u00e9 nepokoje aj pr\u00edrodn\u00e9 katastrofy. Malo to svoju pr\u00ed\u010dinu \u2013 oby\u010dajn\u00e1 turistika sa&#8230;<\/p>\n","protected":false},"author":1,"featured_media":0,"parent":0,"menu_order":0,"comment_status":"closed","ping_status":"closed","template":"","meta":{"ngg_post_thumbnail":0},"_links":{"self":[{"href":"https:\/\/happy2travel.eu\/sk\/wp-json\/wp\/v2\/pages\/4707"}],"collection":[{"href":"https:\/\/happy2travel.eu\/sk\/wp-json\/wp\/v2\/pages"}],"about":[{"href":"https:\/\/happy2travel.eu\/sk\/wp-json\/wp\/v2\/types\/page"}],"author":[{"embeddable":true,"href":"https:\/\/happy2travel.eu\/sk\/wp-json\/wp\/v2\/users\/1"}],"replies":[{"embeddable":true,"href":"https:\/\/happy2travel.eu\/sk\/wp-json\/wp\/v2\/comments?post=4707"}],"version-history":[{"count":10,"href":"https:\/\/happy2travel.eu\/sk\/wp-json\/wp\/v2\/pages\/4707\/revisions"}],"predecessor-version":[{"id":8308,"href":"https:\/\/happy2travel.eu\/sk\/wp-json\/wp\/v2\/pages\/4707\/revisions\/8308"}],"wp:attachment":[{"href":"https:\/\/happy2travel.eu\/sk\/wp-json\/wp\/v2\/media?parent=4707"}],"curies":[{"name":"wp","href":"https:\/\/api.w.org\/{rel}","templated":true}]}}

<h1>Autor</h1>


<p><img loading="lazy" class="alignleft size-full wp-image-8230" src="https://happy2travel.eu/sk/platforma/IMG_20170316_131518-Edit.jpg" alt="Portrét slovenského reportéra Tomáša Forróa" width="500" height="500" srcset="https://happy2travel.eu/sk/platforma/IMG_20170316_131518-Edit.jpg 500w, https://happy2travel.eu/sk/platforma/IMG_20170316_131518-Edit-350x350.jpg 350w, https://happy2travel.eu/sk/platforma/IMG_20170316_131518-Edit-45x45.jpg 45w, https://happy2travel.eu/sk/platforma/IMG_20170316_131518-Edit-150x150.jpg 150w, https://happy2travel.eu/sk/platforma/IMG_20170316_131518-Edit-300x300.jpg 300w, https://happy2travel.eu/sk/platforma/IMG_20170316_131518-Edit-310x310.jpg 310w" sizes="(max-width: 500px) 100vw, 500px" /></p>
<p>Na začiatku bol nepokoj.</p>
<p>Tento projekt som spustil kedysi v roku 2007, keď sme si s&nbsp;priateľkou kúpili jednosmerný lístok na Kubu a vyrazili na cestu okolo sveta. Odvtedy som sa z&nbsp;cestovateľa zmenil na reportéra a&nbsp;prešiel okolo sedemdesiat krajín, tri vojnové konflikty, spoločenské nepokoje aj prírodné katastrofy.</p>
<p>Malo to svoju príčinu – obyčajná turistika sa po onej prvej ceste okolo sveta stala pre mňa nudnou. Masová turistika a reálna každodennosť danej krajiny, to sú dve úplne odlišné planéty. To prvé je slizký, cynický biznis s našimi opakujúcimi sa zážitkami, to druhé – neopakovateľná skúsenosť obcovania s inakosťou, spoznávania farieb a snov tohto sveta.</p>
<p>A tak som sa začal do svojich niekdajších cestovateľských destinácií vracať a spoznávať ich nanovo a celkom iným spôsobom – či už ide o región Latinskej Ameriky (môj druhý domov), južnú Áziu alebo strednú a východnú Európu. Všade odtiaľ sú moje reportáže a texty – zatiaľ.</p>
<p>Za jednu zo svojich inšpirácií pri písaní považujem tzv. Novú žurnalistiku, pomaly zabudnutý žáner, ktorý nehľadal len holé fakty a&nbsp;opisy udalostí, ale spájal ich s&nbsp;príbehom a&nbsp;kontextom opisovaných udalostí. Autor v&nbsp;ňom nepotrebuje skrývať vzťah medzi pozorovateľom a&nbsp;jeho objektom, tak ako publicistika a&nbsp;literatúra nemusia predstavovať dva nezlučiteľné svety.</p>
<p>Aj toto je spôsob ako prepájať „malé“ dejiny – životy bežných, často bezmenných ľudí – s&nbsp;„veľkými“ dejinami a&nbsp;udalosťami, ktoré formujú náš svet a&nbsp;minimálne zapĺňajú mediálny priestor. Približovať čitateľom osudy ľudí na druhom konci sveta dáva šancu zbavovať našu lenivú civilizáciu cynizmu a ľahostajnosti voči regiónom, ktoré sú pre nás prinajlepšom miestom exotických dovoleniek – najčastejšie však len perifériou planéty, známou ako Tretí svet.</p>
<p>Na tomto blogu dodnes publikujem svoje texty a fotografie z celého sveta. Všetko ostatné možno nájsť v slovenskom <a title="Autor Tomáš Forró" href="https://dennikn.sk/autor/tomas-forro/" target="_blank" rel="noopener">Denníku N</a> a v ďalších českých, poľských, ruských a ukrajinských médiách.</p>

<p>Autor Na začiatku bol nepokoj. Tento projekt som spustil kedysi v roku 2007, keď sme si s&nbsp;priateľkou kúpili jednosmerný lístok na Kubu a vyrazili na cestu okolo sveta. Odvtedy som sa z&nbsp;cestovateľa zmenil na reportéra a&nbsp;prešiel okolo sedemdesiat krajín, tri vojnové konflikty, spoločenské nepokoje aj prírodné katastrofy. Malo to svoju príčinu – obyčajná turistika sa&#8230;</p>
